26481?
53, 383, 19219
List the prime factors of 2388753.
3, 265417
What are the prime factors of 76790178?
2, 3, 1213, 3517
What are the prime factors of 433279751?
521, 831631
What are the prime factors of 17863030?
2, 5, 421, 4243
What are the prime factors of 3478516?
2, 103, 8443
What are the prime factors of 146358357?
3, 73, 668303
What are the prime factors of 40973982?
2, 3, 7, 53, 79, 233
What are the prime factors of 677892160?
2, 5, 11, 192583
What are the prime factors of 224723740?
2, 5, 617, 18211
What are the prime factors of 496169925?
3, 5, 1759, 3761
List the prime factors of 833716287.
3, 107, 288583
List the prime factors of 62270341.
7, 179, 49697
What are the prime factors of 23393248?
2, 619, 1181
List the prime factors of 1446303195.
3, 5, 463, 857
List the prime factors of 182448236.
2, 23, 67, 29599
List the prime factors of 78370104.
2, 3, 181, 18041
List the prime factors of 163640333.
163640333
List the prime factors of 122542714.
2, 7, 8753051
List the prime factors of 303445083.
3, 59, 79, 21701
What are the prime factors of 88789980?
2, 3, 5, 17, 87049
List the prime factors of 90536822.
2, 45268411
List the prime factors of 287112.
2, 3, 7, 1709
What are the prime factors of 8195925?
3, 5, 109279
List the prime factors of 900479673.
3, 19, 585107
List the prime factors of 615661347.
3, 7, 29317207
What are the prime factors of 165431871?
3, 11, 383, 4363
What are the prime factors of 1224082960?
2, 5, 17, 900061
List the prime factors of 31814807.
31814807
List the prime factors of 76977135.
3, 5, 71, 2677
What are the prime factors of 255769390?
2, 5, 193, 132523
What are the prime factors of 13010439?
3, 13, 271, 1231
List the prime factors of 131533077.
3, 13, 3372643
What are the prime factors of 1183738133?
19, 79, 41507
What are the prime factors of 695489309?
31, 22435139
What are the prime factors of 941655147?
3, 10459, 30011
List the prime factors of 116911012.
2, 233, 125441
What are the prime factors of 3224969640?
2, 3, 5, 257, 1291
What are the prime factors of 392874113?
16631, 23623
What are the prime factors of 1746823482?
2, 3, 19, 101, 1873
What are the prime factors of 1466699088?
2, 3, 139, 219829
List the prime factors of 603361727.
257, 2347711
List the prime factors of 424334706.
2, 3, 47, 1504733
List the prime factors of 169015195.
5, 33803039
What are the prime factors of 2010386765?
5, 17, 23651609
What are the prime factors of 896257283?
1021, 877823
List the prime factors of 321377268.
2, 3, 26781439
What are the prime factors of 1293910265?
5, 258782053
What are the prime factors of 5708509664?
2, 11, 13, 79, 15791
List the prime factors of 488729178.
2, 3, 7, 571, 6793
List the prime factors of 837745793.
837745793
What are the prime factors of 36081304?
2, 7, 19, 33911
What are the prime factors of 10548923?
7, 11, 136999
What are the prime factors of 3792649418?
2, 2341, 810049
List the prime factors of 5433747108.
2, 3, 452812259
List the prime factors of 883682887.
883682887
List the prime factors of 110264308.
2, 7, 11, 199, 257
What are the prime factors of 56890496?
2, 13, 179, 191
List the prime factors of 3011994660.
2, 3, 5, 71, 113, 6257
What are the prime factors of 120489948?
2, 3, 17, 196879
List the prime factors of 3608917.
13, 19, 769
What are the prime factors of 215327185?
5, 17, 2533261
What are the prime factors of 130069264?
2, 13, 109, 5737
List the prime factors of 437066994.
2, 3, 7, 13, 19, 42131
What are the prime factors of 2924336629?
2924336629
What are the prime factors of 112271137?
11, 191, 53437
What are the prime factors of 40453495?
5, 8090699
List the prime factors of 3573966759.
3, 11, 61, 131, 13553
List the prime factors of 350733997.
757, 463321
List the prime factors of 8007064.
2, 13, 76991
What are the prime factors of 114277995?
3, 5, 13, 17, 11491
List the prime factors of 99055417.
19, 1451, 3593
List the prime factors of 65164114.
2, 3797, 8581
What are the prime factors of 124477715?
5, 29, 858467
List the prime factors of 1107123741.
3, 139, 294997
List the prime factors of 2209796277.
3, 13, 23, 2463541
List the prime factors of 263754842.
2, 13, 10144417
What are the prime factors of 642531730?
2, 5, 31, 2072683
List the prime factors of 462020918.
2, 23, 10043933
What are the prime factors of 58715324?
2, 997, 14723
List the prime factors of 4842720.
2, 3, 5, 19, 59
What are the prime factors of 31125297?
3, 7, 139, 10663
What are the prime factors of 21637784?
2, 7, 67, 73, 79
List the prime factors of 64108106.
2, 32054053
What are the prime factors of 307938134?
2, 7, 83, 265007
List the prime factors of 164805088.
2, 7, 19, 38723
What are the prime factors of 753241493?
13331, 56503
What are the prime factors of 10938518?
2, 5469259
What are the prime factors of 3468175?
5, 138727
What are the prime factors of 166429504?
2, 2600461
What are the prime factors of 102317886?
2, 3, 11, 516757
What are the prime factors of 21314557?
11, 587, 3301
List the prime factors of 279299383.
11, 25390853
List the prime factors of 1526675829.
3, 7, 89, 816841
List the prime factors of 1873466086.
2, 593, 1579651
List the prime factors of 326078766.
2, 3, 13, 367, 3797
What are the prime factors of 34834403?
419, 83137
What are the prime factors of 2442889565?
5, 19, 307, 83761
List the prime factors of 1039659320.
2, 5, 7, 3713069
List the prime factors of 55517313.
3, 167, 110813
List the prime factors of 13388434.
2, 6694217
List the prime factors of 4324741336.
2, 23, 41, 73, 7853
What are the prime factors of 3268136004?
2, 3, 7, 38906381
List the prime factors of 253572113.
113, 157, 14293
List the prime factors of 41124068.
2, 10281017
List the prime factors of 73725824.
2, 167, 3449
What are the prime factors of 209882614?
2, 104941307
What are the prime factors of 71832920?
2, 5, 19, 47, 2011
What are the prime factors of 35797630?
2, 5, 11, 421, 773
List the prime factors of 235717208.
2, 131, 224921
List the prime factors of 931825232.
2, 13, 59, 75931
What are the prime factors of 14704934?
2, 157, 46831
List the prime factors of 281593036.
2, 127, 554317
What are the prime factors of 157441917?
3, 809, 64871
List the prime factors of 574053421.
59, 79, 1559
What are the prime factors of 137481410?
2, 5, 11, 113621
List the prime factors of 32294344.
2, 1889, 2137
What are the prime factors of 860313446?
2, 430156723
List the prime factors of 42251675.
5, 1690067
What are the prime factors of 139498493?
43, 3244151
List the prime factors of 238098114.
2, 3, 73, 181201
What are the prime factors of 129755983?
7, 43, 431083
List the prime factors of 65783454.
2, 3, 11, 811, 1229
What are the prime factors of 552999102?
2, 3, 2729, 33773
List the prime factors of 124555412.
2, 19, 61, 67, 401
What are the prime factors of 429822818?
2, 214911409
What are the prime factors of 1329657716?
2, 41, 8107669
List the prime factors of 1851832000.
2, 5, 231479
What are the prime factors of 5401815144?
2, 3, 11, 17, 23, 43, 1217
List the prime factors of 43354951.
659, 65789
What are the prime factors of 2558951539?
269, 293, 32467
List the prime factors of 2390892939.
3, 223, 1191277
What are the prime factors of 3279503274?
2, 3, 43, 109, 277, 421
What are the prime factors of 80351822?
2, 199, 201889
List the prime factors of 457301115.
3, 5, 149, 241, 283
List the prime factors of 3159995062.
2, 7, 757, 298169
List the prime factors of 2325347809.
2325347809
What are the prime factors of 607119844?
2, 17, 19, 469907
List the prime factors of 94765395.
3, 5, 17, 47, 7907
What are the prime factors of 3147711452?
2, 137, 41927
What are the prime factors of 12207678?
2, 3, 7, 290659
What are the prime factors of 977947279?
977947279
What are the prime factors of 161950638?
2, 3, 26991773
What are the prime factors of 8204952337?
6701, 1224437
What are the prime factors of 86871436?
2, 103, 210853
What are the prime factors of 1070245039?
23, 46532393
List the prime factors of 1441165504.
2, 19, 61, 19429
List the prime factors of 1399211248.
2, 17, 881, 5839
What are the prime factors of 1389735510?
2, 3, 5, 46324517
What are the prime factors of 98166774?
2, 3, 173, 94573
List the prime factors of 1127846845.
5, 67, 3366707
What are 